. Let s(z) = i*j(z) - 3*x(z). Determine s(2).
-4
Let q(l) = 12*l + 1. Let i be 4/(-16)*32/(-8). Calculate q(i).
13
Suppose 4*z - 5*z + 11 = -5*g, 5*g + 7 = 2*z. Let a(o) = o**3 - o + 1 + o + 2*o**2. What is a(g)?
-8
Let b(j) = -j**2 - 6*j - 5. Suppose -2*r = 2*v - 3*v - 7, 37 = -4*v - r. Let y(d) be the first derivative of -d**2/2 - 14*d - 2. Let h be y(v). Give b(h).
0
Let g(b) = 9*b**2 - 2*b + 1. Suppose -d + 0 = -5*m - 3, -m - 37 = -3*d. Suppose -3*n + 0*n + 3*r + 3 = 0, -d = -n + 5*r. Let y be (-1 - n)/1 - 0. Give g(y).
8
Let v(t) = -t**2 - t + 1. Suppose -3*d = 3*z - 2*z - 11, 3*d = 4*z + 1. What is v(d)?
-11
Let g be 4/21 + (-1)/(-7). Let q(c) be the second derivative of 1/6*c**4 + 0 + c**2 + 1/20*c**5 - g*c**3 - 3*c. Calculate q(-3).
-1
Let h(q) be the third derivative of -q**5/60 - q**4/12 + q**3/3 - 106*q**2. Give h(-4).
-6
Let b(f) = -24*f + 53*f - 30*f - 3*f**2 - f**3. Calculate b(-2).
-2
Suppose 3*n + 9 = -6. Let r(c) = -19*c - 23. Let l(m) = -9*m - 11. Let a(i) = -13*l(i) + 6*r(i). Calculate a(n).
-10
Let g be -2*(10 - 4) + 6. Let i(c) = -6 - 7*c - 7*c**2 + c**3 + 3*c**3 - 5*c**3. What is i(g)?
0
Suppose -6 = -4*g - 18. Let d(x) be the third derivative of x**6/60 + x**5/20 - 5*x**4/24 - x**3/2 + 5*x**2 - 9. What is d(g)?
-15
Let s(p) be the second derivative of p**3/3 - p**2/2 + 68*p. Determine s(-1).
-3
Let o(z) = 9*z - 431. Let v be o(48). Let g(f) = -5*f**2 + 5*f - 5. Calculate g(v).
-5
Let w be (-2)/3*-3 - -3. Suppose 2*a = -w*g - 8, -9*a + 5*g + 50 = -4*a. Let u(d) = d**3 - 7*d**2 + 6*d - 5. Calculate u(a).
-5
Suppose 0 = 5*v - 70 - 70. Let c be (-2)/((-7)/(v/8)). Let a be c*(2 + 0 + -1). Let q(s) = 9*s**2 - 1. Give q(a).
8
Let q = 47 + -46. Let f(k) = -3*k**3 - k. Determine f(q).
-4
Let c(g) be the second derivative of g**3/6 + 3*g**2/2 + g. Let v(o) = -o**2 + 11*o + 5. Let w be v(11). Determine c(w).
8
Let d(l) = -6 + 3*l - 8*l + 5. Suppose 700 = -50*h + 750. What is d(h)?
-6
Let z be (-20)/(-8) + 2/4. Let j(k) be the first derivative of k + 32. Let l(q) = -q**2. Let p(g) = -4*j(g) - l(g). What is p(z)?
5
Let c = 2737 + -16421/6. Let o(p) be the third derivative of -1/60*p**5 - c*p**4 + 0 + 1/3*p**3 + 0*p - 12*p**2. Give o(-4).
2
Let k(v) = -v**3 + 7*v**2 - 9*v. Let w be (15/(-45))/(2/6). Let y be ((-56)/20 + 4)*(w + 6). Calculate k(y).
-18
Suppose -5*b = 7 + 8, j = -4*b - 9. Suppose j*z + 3 = 27. Suppose 0 = k + 2*h + z, -2 = 2*k - 2*h - 4. Let m(g) = -g - 2. What is m(k)?
0
Suppose -2*q - 5*n = -31, 0 = -5*q + 4*n - 3 - 2. Let f(v) = -5 - 7 + v + 5 + q. Calculate f(0).
-4
Let i(m) = m**3 + 5*m**2 - m - 7. Let k be -2*(-5)/(-20)*-10. Suppose k*a = -u - 3*u, -u + 7 = 3*a. Give i(u).
-2
Let x(r) = 1 - 30*r + 29*r + r**2 - 2*r**2. Determine x(-4).
-11
Let c be (-4)/(-10) + (-66)/15. Let w(f) = -5*f**3 + 21*f**2 + 3*f - 10. Let z(d) = -3*d**3 + 11*d**2 + d - 5. Let m(x) = c*w(x) + 7*z(x). What is m(-6)?
-1
Let x(m) be the second derivative of m**4/3 + 10*m**3/3 + 15*m**2/2 - m. Let n(i) = i**2 + 5*i + 4. Let f(r) = 9*n(r) - 2*x(r). Determine f(-4).
2
Let n(m) = -11*m - 17*m + 2 - 14*m + 43*m + 0. Let b be (-1)/(-2)*(-13 + 3). Give n(b).
-3
Let x = 237 - 218. Let v(b) = -b**2 + 20*b - 19. What is v(x)?
0
Let b(x) = -x**3 + 10*x**2 + x - 2. Suppose -4*r - 149 - 7 = 0. Let q be -3*r/9 - 3. Let s be b(q). Let h(u) = u**3 - 8*u**2 - 4. Determine h(s).
-4
Let r = 5 + -10. Let o(l) = -l**2 - 6*l + 1. Let f(a) = 12*a - 63 - 65 + 2*a**2 + 126. Let m(g) = -6*f(g) - 11*o(g). Calculate m(r).
6
Let g(i) be the second derivative of -i**3 + 15*i**2 + 878*i. Give g(4).
6
Suppose 317 = -7*y + 296. Let h(n) = 4*n - 1. Determine h(y).
-13
Let h(a) be the third derivative of a**7/5040 + a**6/72 + 11*a**5/60 + a**3/3 + 12*a**2. Let r(n) be the third derivative of h(n). Give r(0).
10
Let y(u) be the second derivative of u**5/20 + 7*u**4/12 - 5*u**3/3 - 3*u**2 + u + 47. Determine y(-8).
10
Let r(z) = 4*z - 3. Let d = 56 - 55. Let h(p) = -1. Let a(m) = d*r(m) + 3*h(m). Determine a(4).
10
Let q(l) = l**2 - l + 2. Let w be 66/(-55)*(5 + 0). Suppose 0 = -2*p - 2. Let r(g) = -g + 1. Let c(v) = p*q(v) + w*r(v). Determine c(6).
-2
Let q(x) = x**2 - x - 2. Let v(k) = 4*k**2 + 8*k - 19. Let h(s) = -3*q(s) + v(s). Calculate h(-12).
-1
Let d(q) be the second derivative of q**3/6 - q**2/2 + 50*q. Give d(-6).
-7
Let g = 16 + -19. Let b be (2/(-3))/(-1)*1*g. Let a(s) = -s. Let y(p) = 3*p. Let u(f) = 15*a(f) + 4*y(f). Calculate u(b).
6
Let f = -22 - -25. Let n(v) = -2*v + 6. Let i(c) = 2*c - 7. Let l(h) = 5*i(h) + 6*n(h). Give l(f).
-5
Let q = 3 + -2. Let d(k) = -k**3 + k**2 + k - 1. Let o(m) = -5*m**3 - 2*m**2 - m + 2. Let t(g) = d(g) + o(g). What is t(q)?
-6
Let u = -16 - -16. Suppose u = 5*p - 170 + 60. Let a = 22 - p. Let w(n) = -n**3 + n**2 + n + 2. Determine w(a).
2
Let s(h) = -h**2 + 10*h - 12. Suppose 144 = 7*w + 11*w. Calculate s(w).
4
Let o be ((-2)/3)/((-2)/21). Let n = o + -10. Let x(b) = 52*b - 114*b + 61*b. Determine x(n).
3
Let x(g) = 113*g**2 + 8*g + 1. Let a be x(-7). Let m(l) = -a + 5482 - 11*l**2 - l. Suppose r = 3*r + 2. What is m(r)?
-10
Let r(j) = j - 11 + 9*j + 0*j + 0*j. Suppose 0*c - 12 = 2*c. Let i(g) = -29*g + 32. Let x(o) = c*i(o) - 17*r(o). What is x(5)?
15
Let r(y) = 11*y + 4. Let v(o) = 2*o + 1. Let h(f) = -r(f) + 6*v(f). Determine h(-2).
0
Let x = 343 + -341. Let p(m) be the third derivative of -2*m**x + 0*m + 0 - 1/3*m**3 - 1/60*m**5 + 5/24*m**4. Calculate p(5).
-2
Let a(k) be the first derivative of -7*k**3/3 + k**2 - k - 238. Give a(1).
-6
Suppose -22 = -9*k + 14. Let d(g) = 3*g. Determine d(k).
12
Let s(d) = -5*d + 7*d**3 - 8*d**3 + 2*d**2 + 4 - 15*d**2 + 5*d**2. Calculate s(-7).
-10
Let g(k) = 7*k**3 - 10*k**2 + k + 1. Let p(i) = -3*i**3 + 5*i**2. Let d = 4 + 0. Let s = 48 + -39. Let y(m) = d*g(m) + s*p(m). What is y(-3)?
10
Let z(u) = u**3 + 11*u**2 + 11*u + 12. Let m(f) = -f**3 - 11*f**2 - 11*f - 13. Let g(p) = -5*m(p) - 6*z(p). Determine g(-10).
3
Let q(a) be the second derivative of -1/12*a**4 - a + 0 + a**3 + 3/2*a**2. Suppose 16*c - 183 = -87. Determine q(c).
3
Let d(s) = -s + 4. Let z(m) = -m**3 + 17*m**2 - 15*m - 30. Let t be z(16). Determine d(t).
18
Suppose 12*j + 48 = 24*j. Let u(i) = 3 - 5*i + 4*i - j*i - 8. Suppose -3*q - 3 = 9. Give u(q).
15
Suppose -3*q + 1 = 5*c - c, 2*q + 2 = 0. Let w(n) = 5*n**2 + n. Calculate w(c).
6
Let y(g) = 0*g**2 + 5*g**2 - g**2 - 5*g - 3 - 3*g**2. Let r be (-2)/4 + 63/18. Calculate y(r).
-9
Let q(r) = -r**2 + 6*r - 4. Let m be q(3). Suppose 5*w = m*y + 55, -4*w + y = -4*y - 48. Let z(l) = -l**2 + 7*l + 7. What is z(w)?
7
Let u(k) be the second derivative of -k**5/20 - k**4/2 - k**3/6 + k**2 - 4*k + 14. Let b = 5 - 11. Determine u(b).
8
Suppose -11*r + 41 = -10*r. Suppose -34 = -2*q + 5*s, -3*q - s + r = -6*s. Suppose -13 = p - q. Let u(g) = -g**3 - 5*g**2 + 6*g - 1. What is u(p)?
-1
Suppose 0 = -10*t + 28 + 2. Let q(d) = 4 + 8 - t*d - 3. Give q(6).
-9
Let h(o) = -4*o - 65. Let u be h(-19). Let p(i) = i**3 - 10*i**2 - 10*i - 7. Calculate p(u).
4
Let n(l) = -l + 3. Let v(a) = 7*a - 21. Let u(x) = 6*n(x) + v(x). Determine u(4).
1
Let a(b) = 9 + 8*b + 6*b**2 - 8*b**2 + b**2 - 11. Give a(3).
13
Let c = 10 - -4. Suppose 10*d - 4 = c*d. Let i(a) = 11*a**3 + a**2 - a - 1. Give i(d).
-10
Let q(m) be the first derivative of -2*m**2 + 14*m - 12. What is q(8)?
-18
Let h(a) = -9*a - 48. Let k(w) = 4*w + 23. Let f(m) = 6*h(m) + 13*k(m). What is f(9)?
-7
Suppose -b = 5*d - 18, -3*b - d = -5*d + 3. Let z(k) = k**3 - 2*k**2 + 4. Calculate z(b).
13
Let z(p) = -p**2 - 24*p - 57. Let g be z(-21). Let u(w) be the third derivative of -w**6/120 + w**5/10 - w**3/6 + w**2. Calculate u(g).
-1
Let j(s) = s**3 - s**2 - 3*s + 4. Suppose -2*z = h - 9, -24 = -5*z - 58*h + 54*h. Calculate j(z).
40
Let m = -11 + 13. Let u(z) = -17*z**2 + 4*z**2 + 3*z**2 - m*z + 9*z**2. Determine u(3).
-15
Let n(l) = l**2 - 10*l - 1. Let y = -262 + 267. Calculate n(y).
-26
Suppose 5*j + 14 = 2*k, 0 = -3*j - 5*k + 2*k. Let b be (4/3)/((-4)/(-36)*j). Let y(t) = -t - 6. Give y(b).
0
Let y(b) = b**3 + b**2. Suppose -2*k - 5 = -7*k. Let p(t) = -t**3 + 1. Let z(x) = k*p(x) + 2*y(x). Give z(-3).
-8
Let z(y) = -y**2 - 5*y + 15. Suppose 157*v + 7 = 156*v. Calculate z(v).
1
Let i(c) = -3*c - 11 - 5*c + 4*c + 3*c. Let g be i(-13). Suppose p -